) = 230*w - 38. Is r(m) a prime number?
False
Is (4/(-2))/((-59)/(3440703/(-349860)) + -6) composite?
False
Is ((-581722)/12)/((12/90)/(20/(-25))) a composite number?
False
Suppose -11*g = -4*d - 16*g + 304149, 3*d - 4*g - 228073 = 0. Is d a composite number?
False
Suppose -82*s + 90765 = -67*s. Is s a composite number?
True
Let g be 11/3 + (-18)/(-54). Let c(p) = 228*p**2 - 2*p + 3. Is c(g) a composite number?
False
Let p be (-4)/(-6) - 616/(-12). Suppose 3*g = 856 - p. Suppose 5*m = g + 627. Is m prime?
True
Let t = -950 + 970. Suppose t*o - 171332 = -8*o. Is o composite?
True
Let t = -27657 + -26025. Let v = -35582 - t. Suppose 7*a + 1965 = v. Is a a prime number?
False
Let u(b) be the third derivative of 5*b**4/6 + 127*b**3/6 - 25*b**2. Is u(27) composite?
True
Suppose 18*j + 4*j - 8413275 = -53*j. Is j prime?
False
Let v = 9275 + -493. Is v composite?
True
Suppose -3*m - 2*b + 115 = 35, 3*m - 75 = 3*b. Let a = m - 41. Is (3 - a/(-6)) + (-5221)/(-2) a composite number?
True
Is (0 + 162/(-63) + 2)*(-4137693)/6 composite?
True
Suppose 0 = -6*i - 0 - 6. Let p be 2330*(6/(-15))/i. Is ((-4)/8)/((-2)/p) a prime number?
True
Let d(s) = -453*s - 13. Let u(i) = 455*i + 14. Let l(m) = -6*d(m) - 5*u(m). Is l(3) a prime number?
False
Let y(l) = -219*l**2 - l + 4. Let n be y(3). Let t(r) = -r**3 + 43*r**2 - 293*r - 66. Let s be t(21). Let x = s + n. Is x a composite number?
True
Let f be 1*28428 + 48/(-16). Suppose 16*d + f = 31*d. Is d composite?
True
Let f(v) = 91*v**2 + 13*v + 6. Let h(q) = -q. Let p(i) = -f(i) - 6*h(i). Let s be p(-4). Let w = 301 - s. Is w prime?
False
Suppose 0 = 4*g, 2*g + 12 + 12 = 4*d. Suppose 0 = u + 5*s - 15, -u + s = -d*u + 3. Suppose -k - 4*h + 199 = u, 0 = 4*k - 3*h - 742 - 54. Is k a prime number?
True
Let f be ((-2)/(-4))/(10/(-20)). Let b be 0/(f*(-2 + 1) - -1). Suppose b = 70*g - 68*g - 66. Is g prime?
False
Suppose 0 = 10*f + 46*f - 896. Is ((-273892)/f)/((-1)/4) prime?
True
Let m(g) = -g**2 + 28*g + 53. Let n = -33 + 112. Suppose 0 = -3*u + n + 5. Is m(u) a composite number?
False
Let k(m) = m**3 - 14*m**2 + m - 18. Let d be k(14). Let w = d + 13. Suppose w*t - 653 = 418. Is t prime?
False
Suppose -4*h = 5*a - 26, 6 = h - a + 2*a. Suppose -r + 4*z - 2 = 0, -h*r + 3*z + 22 = -9. Is (-236 + 0)*(-5)/r + 3 a prime number?
False
Suppose 3*o - 4*q + 250 = -6*q, 5*q = 2*o + 154. Is o*(-5343)/(-26)*(-3)/9 composite?
True
Is (-5383)/(-1)*(2 + (-34)/(-14)) composite?
True
Let q(p) = -p**3 - 21*p**2 - 36*p + 17. Let y be q(-19). Is 7/(y/18) + 1199 composite?
False
Suppose 6*s - 7*s + 3 = 0. Suppose 3*t = -s, 5*h - 2*t = 3*t + 3385. Suppose -4*l + h = -1400. Is l a prime number?
False
Is ((-23)/(621/(-5380902)))/((-2)/(-3)) composite?
True
Let q = 40 - 38. Let h be (q - (-10)/(-4))*(-28 - -6). Suppose h*v - 10*v = 583. Is v a composite number?
True
Let p = 211308 - 127935. Is p a composite number?
True
Let s be -1 - 1022*(-19)/(-2). Let p = 10565 - 5707. Is 3/(s/p + 2) a prime number?
False
Let i be ((-1)/3)/((-4)/36). Suppose i*q - 3239 = -0*v + 4*v, 0 = -5*v - 25. Let n = 2082 + q. Is n prime?
False
Let t be (0 + (2 - 7))/(-1). Suppose 0 = t*p - 7*q + 4*q - 55, 2*p = 3*q + 22. Suppose 6*x - p*x + 13925 = 0. Is x composite?
True
Let s be (-10)/(-4)*((-1872)/(-60))/13. Is ((-74068)/s)/(-2)*(-129 + 132) prime?
True
Let s(u) = 2034*u**2 - 10*u + 53. Is s(6) composite?
True
Let c be (42/(-28))/(6/(-64)). Let h(i) = 16*i**2 + 6*i + 17 + 6*i + 7*i - i**3. Is h(c) prime?
False
Let o be 54/(-81) - (2 + 14/(-3)). Suppose 18*y - 4*i = 19*y - 873, -o*y = 2*i - 1752. Is y a composite number?
False
Suppose -10*u + 92 = -8*u. Let n = 46 - u. Suppose 3*w + n*w = 267. Is w prime?
True
Suppose -7542 = 2*k - 636. Suppose -7*p = -5*p + 10, 0 = -3*j + 5*p + 24025. Let m = k + j. Is m prime?
True
Let m(u) = 1427*u**2 - 75*u - 139. Is m(-38) composite?
True
Let t(j) = -7*j**3 + 3*j**2 + 4*j - 7. Let g be 1040/(-70) + 2/(-14). Let y = 8 + g. Is t(y) a prime number?
False
Suppose 0 = -49*d + 2516 - 752. Let i(s) = -2*s**3 + 88*s**2 - 41*s + 23. Is i(d) composite?
True
Suppose -10*i + 4*i - 11640 = 0. Let j = 2819 + i. Is j a prime number?
False
Let h(m) = m**3 - 7*m**2 + 3*m - 3. Let x be h(6). Let v(n) = -3*n - 60. Let s be v(x). Suppose -3*y + 1398 = -s*w, 3*w = -5*y + 1359 + 947. Is y composite?
False
Let i = -69001 - -97514. Is i a prime number?
True
Let h(r) = 54*r**2 + 29*r - 25. Let f(m) = -81*m**2 - 43*m + 37. Let p(z) = 5*f(z) + 8*h(z). Is p(-13) composite?
False
Let s(p) = -9*p**3 - p**2 + 2*p + 1. Let k be s(-1). Is 141678/15 + ((-77)/55)/k composite?
True
Suppose 5*a - 122425 = -5*s, -s + 35*a = 32*a - 24477. Is s prime?
False
Let p be 1594/(-6 + 114/18). Is (p/(-4) - 1)*(-28 - -26) a composite number?
False
Suppose -2*i = -7*i + h + 27700, -2*h = 10. Let z = 11354 - i. Is z a composite number?
True
Let l be (3/2)/(-1*4/(-56)). Let w = 634 - l. Is w prime?
True
Suppose 4*x + 5*a + 0*a = 7028, 0 = -3*x - a + 5271. Let c = x + -504. Is c a composite number?
True
Let j be 1/((-3)/(-18)) - (-11 - -16). Is (2/(11/((-476465)/(-10))))/j a composite number?
False
Suppose 33*a - 37*a + 17*a - 8712301 = 0. Is a a prime number?
True
Let y(d) = 2*d**2 - 3*d + 1. Let z be y(-3). Suppose 2*g = 16 - z. Is ((-2)/g)/((-1)/(-3609)) prime?
False
Is (-371876)/(-12) + 60/45 composite?
True
Let h(s) = s**2 + 9*s - 15. Let w be h(-11). Suppose -2*g + w*g - 795 = -5*z, 4*z - 4*g - 652 = 0. Is z prime?
False
Suppose 15*y - 800629 = -4*b + 12*y, 3*y = 5*b - 1000766. Is b composite?
True
Let l be 1876/(-154) - 4/(-22). Is (l + 1/1)/((-130)/39910) composite?
True
Suppose 0 = -17*x + 20*x + 15. Let j = x + 8. Suppose -s + j*s - 499 = 5*g, -2*g - 2 = 0. Is s a composite number?
True
Let g(p) = 210*p**2 - 54*p + 13. Let z(w) = -w**2 + 26*w - 111. Let l be z(6). Is g(l) prime?
False
Suppose 0 = -j + 6*j + 9785. Let k(i) = i**3 - 24*i**2 + 15*i + 179. Let p be k(23). Is j/p - 4/60*6 a composite number?
True
Suppose -77*o + 66083967 + 46699804 = -1935526. Is o a prime number?
False
Let j(c) = 959487*c**3 + 2*c**2 - 2*c. Is j(1) a prime number?
False
Is 8/(-72)*(-10 + -56807) a composite number?
True
Let z(k) = 278013*k**2 + 45*k - 41. Is z(1) prime?
True
Let g(y) = -448875*y - 1214. Is g(-5) composite?
False
Let b be (-1)/(-3) + (-5)/((-45)/96). Suppose b*g = -219863 + 1341137. Is g/105 - (2 + 11/(-5)) composite?
False
Suppose -6*h = -3*h - 7041. Let a = h + -654. Is a a composite number?
False
Let b(r) = 52*r**3 - 3*r**2 - 6*r + 71. Is b(6) a composite number?
False
Suppose 11*m - 13*m + 3912 = 0. Let k = m - 1310. Suppose a - k = -a. Is a composite?
True
Let k(v) = v**2 - v - 7. Let q = 29 - 6. Suppose q*c - 19*c + 40 = 0. Is k(c) a composite number?
False
Let b(d) = 6*d**3 + 29*d**2 - d + 107. Is b(30) a prime number?
False
Let s = -64734 - -217897. Is s a composite number?
True
Let z be 372/10*(7 - 92). Suppose 850 + 1274 = -2*s - 2*a, 3*a = -2*s - 2123. Let j = s - z. Is j prime?
True
Let a(f) = 70*f**2 + 12*f - 557. Is a(47) composite?
True
Let v be 155*7 + (24 - 24). Suppose -4*n - 3642 = -2*r, -2*r = -n - 2572 - v. Is r composite?
False
Let r = 94060 - 46686. Is r prime?
False
Let u = -159 - -287. Let b = u - 101. Suppose 0 = l - b + 8. Is l prime?
True
Let f(m) = -349*m**3 + 2*m**2 + m - 4. Let h be f(2). Let z = h - -1936. Let y = 1533 + z. Is y a composite number?
False
Suppose -6*y + 57351 = -32493. Is y a prime number?
False
Is ((-35)/(-15) + -3)/((-2)/66909) composite?
False
Let u = 8 + -5. Suppose 243 = -u*o + 1686. Suppose g - o = -0*g. Is g prime?
False
Let h(a) = 361*a**2 + 310*a + 1902. Is h(-83) a prime number?
True
Suppose -5*n = -44 - 26. Let y(z) = -14*z**3 + 12*z**2 + 16*z - 3. Let j(i) = -2*i**3 + i + 3. Let g(c) = 6*j(c) - y(c). Is g(n) composite?
True
Let z(d) = 536*d**2 - 2*d - 41. Let h(o) = o**2 + 14*o + 52. Let s be h(-5). Is z(s) prime?
True
Let k(p) = 1138*p + 119. Let m = -253 - -259. Is k(m) a composite number?
False
Let x = -26 + 26. Let d(k) = x*k**3 + 25 + 8*k**2 - k**3 + 21*k - 20*k**2. Is d(-19) prime?
True
Suppose 3*i = -j + 939403 + 1128023, 0 = 2*i + 5*j - 1378297. Is i composite?
False
Let r be (-160)/70*-1 + 2/(-7). Suppose -4*t + 16 + 0 = 0. Suppose r*s = -t*x + 6550, -2*x + 4908 = x - 3*s. Is x prime?
True
Let t(u) = u**